hest common factor of f and 27?
27
Suppose b + 2280 + 3887 = 5*d, -5*d = -2*b - 6169. What is the highest common divisor of d and 548?
137
Suppose 5*d - 390 = 3*d - 3*m, -4*m = -2*d + 404. Let l be (2/3)/(12/d). What is the highest common divisor of l and 22?
11
Suppose -4*v + 4*w - 3*w = -16, 5*v + 2*w - 20 = 0. Let u(f) = -5*f**3 + 1. Let m be u(-1). Calculate the highest common divisor of v and m.
2
Let w(b) = -b**3 + 2*b**2 + 2. Let c be w(-2). Let u = -12 + c. Let l = u - 0. Calculate the greatest common divisor of 15 and l.
3
Suppose -2*p = 4*m - 8 + 2, 3*m = 5*p + 11. Suppose 0*w - m*w + 18 = 0. Calculate the greatest common factor of 27 and w.
9
Let j(u) = 5*u + 1. Let h be j(1). Let c be (4/h)/(15/630). Calculate the greatest common divisor of 252 and c.
28
Suppose -20 = 38*j - 42*j. Suppose -5*o = 126 - 301. Calculate the highest common divisor of o and j.
5
Let d = 77 - 54. Let z be (-17*22/(-935))/(6/345). Calculate the greatest common factor of d and z.
23
Let r = -97 + 100. Suppose r*g = g + 38. What is the greatest common divisor of g and 38?
19
Suppose 247 = 5*j - 553. What is the greatest common divisor of j and 16?
16
Let h(t) = -10*t**3 - 39*t**2 + 2*t - 4. Let u be h(-5). What is the greatest common factor of u and 29?
29
Let v(o) = -7*o**3 - 29*o**2 - 4*o + 5. Let j be v(-4). Calculate the highest common divisor of j and 245.
5
Suppose 4 = -2*z + 4*k, 0 = -0*z - 2*z - 2*k - 28. Let x = -1 - z. Let p be ((-5)/(-7) + -1)/(14/(-49)). What is the greatest common divisor of p and x?
1
Suppose -o - 2*l + 266 = o, 5*o = -l + 653. Suppose 3*t + 3*r - 69 = 0, 3*t - 7*r + 5*r - 84 = 0. Calculate the highest common factor of t and o.
26
Suppose 16 = 2*f + 5*v - 0*v, -5*v - 92 = -4*f. What is the highest common divisor of f and 45?
9
Suppose 15 - 23 = -i. What is the highest common factor of i and 40?
8
Suppose 4*a = 4*y + 24, -2*y + 4 + 8 = 4*a. Let j = y + 9. Let i = j - 4. Calculate the greatest common factor of i and 3.
3
Let n be 1 - (4 - (6 - -2)). Suppose -n*b = 0, -b + 23 = t - 67. What is the highest common divisor of 36 and t?
18
Suppose 4*n - 19 + 11 = 0. Suppose -n*w + 100 = -252. What is the highest common divisor of w and 16?
16
Let w be (-1)/5 + 1/5. Suppose w*u - 161 = -7*u. Let g = -18 + u. Calculate the highest common divisor of g and 20.
5
Let q(k) = 19*k + 4. Let i be (-10)/3*3/(-2). Let j be q(i). Suppose 5*d - 6*u = -4*u + 35, 0 = -d - 3*u + 24. Calculate the greatest common factor of j and d.
9
Let d be (104/24)/(2/6). Let i = -289 - -315. What is the highest common factor of d and i?
13
Let t(b) = 5*b**2 + 93*b + 3. Let h be t(-20). Calculate the highest common factor of h and 247.
13
Let g = -56 + 166. Suppose 0*m = -5*m + g. Let t = -8049 - -8203. What is the greatest common divisor of t and m?
22
Let s = -20 + 26. Let q(f) = -f + 9. Let l be q(s). Suppose l*w + 12 = 24. What is the greatest common divisor of w and 16?
4
Suppose i - 16 = -2*v, -2*i + 136 = 3*i - 4*v. Calculate the greatest common divisor of 16 and i.
8
Let i be 10 - (8/(-44) + (-972)/99). Suppose -4*z + 320 = -0*z. What is the highest common factor of i and z?
20
Suppose -2540 = -12*p + 2644. Let w = p + -302. Suppose 0 = 5*c - 2*j - 264, c - 2*c - 2*j + 48 = 0. Calculate the highest common divisor of c and w.
26
Suppose 3*t = 5*t + 10, -t - 757 = 2*b. Let a be b/(-48) - (-1)/6. What is the highest common divisor of 32 and a?
8
Let a = 173 - 91. Suppose -a + 5 = -3*i - 5*c, -2*c - 62 = -2*i. What is the highest common divisor of i and 203?
29
Let i = -928 - -1073. What is the highest common factor of i and 87?
29
Suppose g - 27 = 7. What is the greatest common divisor of 306 and g?
34
Let r be 22 + (6 - 13 - -1). Calculate the greatest common factor of r and 64.
16
Suppose -5*z - 195 - 16 = 2*t, -2*t - 4*z - 210 = 0. Let f = -99 - t. What is the greatest common factor of f and 28?
4
Suppose 4*n + 71 = 123. What is the greatest common factor of 52 and n?
13
Suppose 144 = -3*f - f. Let s be f/(-10) + 15/(-25). Suppose 4*n - 110 = 2*n + 2*l, -165 = -s*n - 5*l. Calculate the greatest common factor of n and 11.
11
Let l(k) = k**3 - 4*k**2 - 5*k + 3. Suppose 0 = -2*z - 2*z + 20. Let f be l(z). Let q be 42/f + (-1 - 1). What is the greatest common divisor of 8 and q?
4
Let q be (-2883)/(-124) + 1/(-4). What is the greatest common factor of q and 621?
23
Suppose 2*m + 23 + 7 = -3*b, -2*b - 60 = 4*m. Let f be 43 + 1 - (m - -6 - -5). What is the greatest common factor of 3 and f?
3
Let n be (10/75*-9)/(1/(-5)). Suppose 3*c - n*c + 297 = 0. What is the greatest common divisor of 11 and c?
11
Let l(k) = 3*k**3 + 13*k**2 - 15*k - 4. Let g be l(-5). What is the highest common factor of g and 14?
7
Let f(r) = -r**3 - 4*r**2 - r. Let o be f(-4). Suppose 40 = 5*g - 8*w + 3*w, -2*g = 2*w - o. Calculate the highest common divisor of 15 and g.
5
Let b = -174 - -195. Calculate the highest common divisor of b and 525.
21
Let a = -1560 - -1695. Calculate the highest common factor of a and 5.
5
Suppose 0 = -f - f. Let b be 11/(f - 4/(-80)). Calculate the greatest common factor of b and 22.
22
Let c = 248 + 67. What is the highest common divisor of 35 and c?
35
Let b be (5 + -3)*746/4. Let q = -265 + b. Calculate the highest common factor of 12 and q.
12
Suppose -4*t = -l + 516, -540 = -t + 5*t + 5*l. Let c = -76 - t. What is the greatest common divisor of c and 6?
6
Let u(d) = -d**3 + 4*d**2 + 7*d. Let v be u(5). Suppose 5*k + 50 = n, 24*k = 4*n + 29*k - 200. Calculate the greatest common divisor of n and v.
10
Let z(b) = b**2 - 3*b + 2. Let l be z(-6). Calculate the highest common divisor of 14 and l.
14
Let a(l) = 2*l + 70. Suppose 10 - 126 = 5*i - s, i = 3*s - 26. Let x be a(i). What is the greatest common divisor of x and 84?
12
Suppose 2*i = -i + w + 20, 3*w - 52 = -5*i. Let r be (1 + i)*5/15. Calculate the highest common factor of 21 and r.
3
Suppose q + 4 = 0, 2*q + 5 + 13 = 2*a. Suppose j = 5*j. Suppose z = -4*u + a*z + 32, j = -3*u - z + 28. What is the highest common divisor of u and 99?
9
Let k(i) = -2*i**3 - 20*i**2 - 2*i - 6. Let q be k(-10). What is the highest common factor of q and 42?
14
Let q = 35 + -35. Suppose c + 4*c - 180 = q. What is the greatest common factor of 24 and c?
12
Let t(b) = -b**3 - 2*b**2 - b. Let l be t(-4). Suppose 2*z - 2*w = 22, -w = 4*z - 0*z - 19. What is the highest common divisor of z and l?
6
Suppose -14 = -6*x + 10. Let a(b) be the first derivative of -b**3/3 + 9*b**2/2 - 4*b + 1. Let r be a(x). Calculate the highest common factor of r and 64.
16
Suppose 25 = 4*l + l. Suppose 5*u - 65 = -l. Suppose 0 = 2*o - u - 12. What is the greatest common factor of o and 8?
4
Let g(q) = -q**3 + 4*q**2 - 7*q - 85. Let f be g(-5). What is the highest common factor of f and 15?
5
Let a(p) = -3*p + 3. Let q be a(-4). Let f = 307 - 142. Calculate the highest common factor of q and f.
15
Let h(o) = -o**2 + 44*o + 263. Let i be h(-5). Calculate the greatest common factor of 288 and i.
18
Let x be 4 - ((-2 - 6)/(-4) - 0). Suppose 50 = x*v + 16. What is the highest common factor of v and 238?
17
Let y be 12/9*2475/22. Calculate the highest common divisor of y and 60.
30
Let u be (30 - (0 + -1)) + -60 + 66. Calculate the greatest common divisor of 1 and u.
1
Suppose 0 = -10*j + 7*j + 9. Suppose 0*x = j*x. Suppose x = -r - 7 + 22. What is the highest common factor of 135 and r?
15
Let a(q) = -q**2 + 13*q + 50. Let z be a(8). What is the highest common factor of z and 50?
10
Suppose 6*l + 634 = 5*j + 2*l, j - 5*l - 110 = 0. Suppose j = 4*f + f. Suppose 5*w - 34 = f. Calculate the highest common factor of w and 108.
12
Let j be (2*(-1)/(-3))/((-3)/(-18)). Let l be (1/j)/((-8)/(-96)). What is the highest common factor of l and 51?
3
Suppose a = -2*d + 82, 0 = 4*a + d - 328 + 7. Let k = -28 - -19. Let s = 19 + k. Calculate the greatest common divisor of a and s.
10
Let c = 91 - 51. Suppose 0 = -0*d + 4*d + 52. Let j = -9 - d. What is the highest common factor of c and j?
4
Suppose -12*a - 3*i + 155 = -7*a, 4*i + 36 = 2*a. What is the highest common factor of 350 and a?
14
Suppose 4*b = 0, 0 = -4*p - 3*b - 1 + 25. Suppose 104 = 19*j - p*j. Calculate the highest common divisor of j and 8.
8
Suppose 3*g = -2*a + 29, a + g + 93 = 5*a. What is the